{"id":541,"date":"2017-03-22T08:08:43","date_gmt":"2017-03-22T08:08:43","guid":{"rendered":"http:\/\/www.robolit.com\/?page_id=541"},"modified":"2017-12-28T18:25:16","modified_gmt":"2017-12-28T18:25:16","slug":"robotik-muhendisi-tr-re-01","status":"publish","type":"page","link":"https:\/\/www.robolit.com\/index.php\/tr\/kariyer\/kapanan-pozisyonlar\/robotik-muhendisi-tr-re-01\/","title":{"rendered":"Robotik M\u00fchendisi (TR-RE-01)"},"content":{"rendered":"<p>Robolit otel sekt\u00f6r\u00fcn\u00fc hedef alan bir <strong>robotik bar otomasyonu<\/strong> projesinin inceleme ve prototip tasar\u0131m\u0131 projesinde teknoloji orta\u011f\u0131 olarak yer alacak. Hedefimiz ilk prototipi Burning Man festivalinde sunmak.\u00a0Proje detaylar\u0131 \u015fu anda halka a\u00e7\u0131k olarak yay\u0131nlanam\u0131yor ancak ba\u015fvurular aras\u0131nda yap\u0131lacak elemeyi ge\u00e7en ki\u015filer ile payla\u015f\u0131lacak.<\/p>\n<p>\u00d6zellikler<\/p>\n<ul>\n<li>Tam zamanl\u0131<\/li>\n<li>Proje ba\u015flang\u0131c\u0131 20 Nisan 2017<\/li>\n<li>Proje biti\u015f hedef tarihi 15 A\u011fustos 2017<\/li>\n<li>Proje uygulama yeri Alanya, T\u00fcrkiye<\/li>\n<li>Konaklama ve yemek hizmetleri <a href=\"http:\/\/girisimhane.net\/index.php\/tr\/\">5 y\u0131ld\u0131zl\u0131 bir otelde<\/a> sa\u011flanacak<\/li>\n<\/ul>\n<p>\u015eartlar<\/p>\n<ul>\n<li>A\u00e7\u0131k kinematik zincir ve ters kinematik odakl\u0131 temel robotik bilgisi<\/li>\n<li>Python ve C\/C++ programlama bilgisi<\/li>\n<li>\u0130yi d\u00fczeyde teknik \u0130ngilizce bilgisi<\/li>\n<\/ul>\n<p>Tercihen<\/p>\n<ul>\n<li>G\u00f6m\u00fcl\u00fc sistem tecr\u00fcbesi<\/li>\n<li>G\u00f6r\u00fcnt\u00fc i\u015fleme tecr\u00fcbesi<\/li>\n<li>Akademik \u00e7al\u0131\u015fma ge\u00e7mi\u015fi<\/li>\n<\/ul>\n<p>F\u0131rsatlar<\/p>\n<ul>\n<li>Takip edecek \u00fcr\u00fcn geli\u015ftirme projesinde i\u015f olana\u011f\u0131<\/li>\n<li>Kar ortakl\u0131\u011f\u0131 tabanl\u0131 bonus program\u0131<\/li>\n<li>Amerikan ve T\u00fcrk ortaklar ile \u00e7al\u0131\u015fma olana\u011f\u0131<\/li>\n<\/ul>\n<hr \/>\n<noscript class=\"ninja-forms-noscript-message\">\n    Notice: JavaScript is required for this content.<\/noscript><div id=\"nf-form-3-cont\" class=\"nf-form-cont\" aria-live=\"polite\" aria-labelledby=\"nf-form-title-3\" aria-describedby=\"nf-form-errors-3\" role=\"form\">\n\n    <div class=\"nf-loading-spinner\"><\/div>\n\n<\/div>\n        <!-- TODO: Move to Template File. -->\n        <script>var formDisplay=1;var nfForms=nfForms||[];var form=[];form.id='3';form.settings={\"objectType\":\"Form Setting\",\"editActive\":true,\"title\":\"TR-RE-01 - Robotik M\\u00fchendisi\",\"key\":\"\",\"created_at\":\"2017-03-22 11:16:51\",\"show_title\":\"1\",\"clear_complete\":\"1\",\"hide_complete\":\"1\",\"default_label_pos\":\"left\",\"wrapper_class\":\"\",\"element_class\":\"\",\"add_submit\":\"0\",\"changeEmailErrorMsg\":\"Please enter a valid email address!\",\"confirmFieldErrorMsg\":\"These fields must match!\",\"fieldNumberNumMinError\":\"Number Min Error\",\"fieldNumberNumMaxError\":\"Number Max Error\",\"fieldNumberIncrementBy\":\"Please increment by \",\"formErrorsCorrectErrors\":\"Please correct errors before submitting this form.\",\"validateRequiredField\":\"This is a required field.\",\"honeypotHoneypotError\":\"Honeypot Error\",\"fieldsMarkedRequired\":\"Fields marked with an <span class=\\\"ninja-forms-req-symbol\\\">*<\\\/span> are required\",\"currency\":\"\",\"logged_in\":\"\",\"not_logged_in_msg\":\"\",\"sub_limit_msg\":\"\",\"calculations\":[],\"formContentData\":[\"ad_1490170625305\",\"soyad_1490170631792\",\"eposta_1490170638191\",\"portfoey_1490170647123\",\"oezgecmis_1490170666695\",\"hidden_1490169131056\",\"basvur_1490170687035\"],\"lock\":\"0\",\"unique_field_error\":\"A form with this value has already been submitted.\",\"ninjaForms\":\"Ninja Forms\",\"changeDateErrorMsg\":\"Please enter a valid date!\",\"fieldTextareaRTEInsertLink\":\"Insert Link\",\"fieldTextareaRTEInsertMedia\":\"Insert Media\",\"fieldTextareaRTESelectAFile\":\"Select a file\",\"formHoneypot\":\"If you are a human seeing this field, please leave it empty.\",\"fileUploadOldCodeFileUploadInProgress\":\"File Upload in Progress.\",\"fileUploadOldCodeFileUpload\":\"FILE UPLOAD\",\"currencySymbol\":false,\"thousands_sep\":\",\",\"decimal_point\":\".\",\"siteLocale\":\"en_US\",\"dateFormat\":\"m\\\/d\\\/Y\",\"startOfWeek\":\"1\",\"of\":\"of\",\"previousMonth\":\"Previous Month\",\"nextMonth\":\"Next Month\",\"months\":[\"January\",\"February\",\"March\",\"April\",\"May\",\"June\",\"July\",\"August\",\"September\",\"October\",\"November\",\"December\"],\"monthsShort\":[\"Jan\",\"Feb\",\"Mar\",\"Apr\",\"May\",\"Jun\",\"Jul\",\"Aug\",\"Sep\",\"Oct\",\"Nov\",\"Dec\"],\"weekdays\":[\"Sunday\",\"Monday\",\"Tuesday\",\"Wednesday\",\"Thursday\",\"Friday\",\"Saturday\"],\"weekdaysShort\":[\"Sun\",\"Mon\",\"Tue\",\"Wed\",\"Thu\",\"Fri\",\"Sat\"],\"weekdaysMin\":[\"Su\",\"Mo\",\"Tu\",\"We\",\"Th\",\"Fr\",\"Sa\"],\"recaptchaConsentMissing\":\"reCapctha validation couldn&#039;t load.\",\"recaptchaMissingCookie\":\"reCaptcha v3 validation couldn&#039;t load the cookie needed to submit the form.\",\"recaptchaConsentEvent\":\"Accept reCaptcha cookies before sending the form.\",\"embed_form\":\"\",\"currency_symbol\":\"\",\"beforeForm\":\"\",\"beforeFields\":\"\",\"afterFields\":\"\",\"afterForm\":\"\"};form.fields=[{\"objectType\":\"Field\",\"objectDomain\":\"fields\",\"editActive\":false,\"order\":1,\"label_pos\":\"left\",\"required\":1,\"default\":\"\",\"placeholder\":\"\",\"container_class\":\"\",\"element_class\":\"\",\"admin_label\":\"\",\"help_text\":\"\",\"desc_text\":\"\",\"label\":\"Ad\",\"key\":\"ad_1490170625305\",\"type\":\"firstname\",\"manual_key\":true,\"id\":12,\"beforeField\":\"\",\"afterField\":\"\",\"value\":\"\",\"parentType\":\"firstname\",\"element_templates\":[\"firstname\",\"input\"],\"old_classname\":\"\",\"wrap_template\":\"wrap\"},{\"objectType\":\"Field\",\"objectDomain\":\"fields\",\"editActive\":false,\"order\":2,\"label_pos\":\"left\",\"required\":1,\"default\":\"\",\"placeholder\":\"\",\"container_class\":\"\",\"element_class\":\"\",\"admin_label\":\"\",\"help_text\":\"\",\"desc_text\":\"\",\"label\":\"Soyad\",\"key\":\"soyad_1490170631792\",\"type\":\"lastname\",\"manual_key\":true,\"id\":13,\"beforeField\":\"\",\"afterField\":\"\",\"value\":\"\",\"parentType\":\"lastname\",\"element_templates\":[\"lastname\",\"input\"],\"old_classname\":\"\",\"wrap_template\":\"wrap\"},{\"objectType\":\"Field\",\"objectDomain\":\"fields\",\"editActive\":false,\"order\":3,\"label_pos\":\"left\",\"required\":1,\"default\":\"\",\"placeholder\":\"\",\"container_class\":\"\",\"element_class\":\"\",\"admin_label\":\"\",\"help_text\":\"\",\"desc_text\":\"\",\"label\":\"Eposta\",\"key\":\"eposta_1490170638191\",\"type\":\"email\",\"id\":14,\"beforeField\":\"\",\"afterField\":\"\",\"value\":\"\",\"parentType\":\"email\",\"element_templates\":[\"email\",\"input\"],\"old_classname\":\"\",\"wrap_template\":\"wrap\"},{\"objectType\":\"Field\",\"objectDomain\":\"fields\",\"editActive\":false,\"order\":4,\"label_pos\":\"left\",\"required\":0,\"placeholder\":\"Please, briefly tell us about your past work relevant to this position.\",\"default\":\"\",\"container_class\":\"\",\"element_class\":\"\",\"input_limit\":100,\"input_limit_type\":\"word\",\"input_limit_msg\":\"Character(s) left\",\"manual_key\":\"\",\"disable_input\":\"\",\"admin_label\":\"\",\"help_text\":\"\",\"desc_text\":\"\",\"disable_browser_autocomplete\":1,\"textarea_rte\":\"\",\"disable_rte_mobile\":\"\",\"textarea_media\":\"\",\"label\":\"Portf\\u00f6y\",\"key\":\"portfoey_1490170647123\",\"type\":\"textarea\",\"drawerDisabled\":false,\"id\":15,\"beforeField\":\"\",\"afterField\":\"\",\"value\":\"\",\"parentType\":\"textarea\",\"element_templates\":[\"textarea\",\"input\"],\"old_classname\":\"\",\"wrap_template\":\"wrap\"},{\"id\":0,\"label\":\"\\u00d6zge\\u00e7mi\\u015f\",\"order\":5,\"key\":\"oezgecmis_1490170666695\",\"type\":\"unknown\",\"message\":\"Field type &quot;file_upload&quot; not found.\",\"beforeField\":\"\",\"afterField\":\"\",\"value\":\"\",\"label_pos\":\"left\",\"parentType\":\"unknown\",\"element_templates\":[\"null\",\"hidden\",\"input\"],\"old_classname\":\"\",\"wrap_template\":\"wrap-no-label\"},{\"objectType\":\"Field\",\"objectDomain\":\"fields\",\"editActive\":false,\"order\":6,\"default\":\"TR-RE-01\",\"admin_label\":\"\",\"label\":\"Hidden\",\"key\":\"hidden_1490169131056\",\"type\":\"hidden\",\"id\":17,\"beforeField\":\"\",\"afterField\":\"\",\"value\":\"TR-RE-01\",\"label_pos\":\"left\",\"parentType\":\"hidden\",\"element_templates\":[\"hidden\",\"input\"],\"old_classname\":\"\",\"wrap_template\":\"wrap-no-label\"},{\"objectType\":\"Field\",\"objectDomain\":\"fields\",\"editActive\":false,\"order\":7,\"processing_label\":\"\\u0130\\u015fleniyor\",\"container_class\":\"\",\"element_class\":\"\",\"label\":\"Ba\\u015fvur\",\"key\":\"basvur_1490170687035\",\"type\":\"submit\",\"id\":18,\"beforeField\":\"\",\"afterField\":\"\",\"value\":\"\",\"label_pos\":\"left\",\"parentType\":\"textbox\",\"element_templates\":[\"submit\",\"button\",\"input\"],\"old_classname\":\"\",\"wrap_template\":\"wrap-no-label\"}];nfForms.push(form);<\/script>\n        \n","protected":false},"excerpt":{"rendered":"<p>Robolit otel sekt\u00f6r\u00fcn\u00fc hedef alan bir robotik bar otomasyonu projesinin inceleme ve prototip tasar\u0131m\u0131 projesinde teknoloji orta\u011f\u0131 olarak yer alacak. Hedefimiz ilk prototipi Burning Man festivalinde sunmak.\u00a0Proje detaylar\u0131 \u015fu anda halka a\u00e7\u0131k olarak yay\u0131nlanam\u0131yor ancak ba\u015fvurular aras\u0131nda yap\u0131lacak elemeyi ge\u00e7en ki\u015filer ile payla\u015f\u0131lacak. \u00d6zellikler Tam zamanl\u0131 Proje ba\u015flang\u0131c\u0131 20 Nisan 2017 Proje biti\u015f hedef tarihi [&hellip;]<\/p>\n","protected":false},"author":1,"featured_media":606,"parent":1687,"menu_order":0,"comment_status":"closed","ping_status":"closed","template":"fullwidth.php","meta":{"_mi_skip_tracking":false},"_links":{"self":[{"href":"https:\/\/www.robolit.com\/index.php\/wp-json\/wp\/v2\/pages\/541"}],"collection":[{"href":"https:\/\/www.robolit.com\/index.php\/wp-json\/wp\/v2\/pages"}],"about":[{"href":"https:\/\/www.robolit.com\/index.php\/wp-json\/wp\/v2\/types\/page"}],"author":[{"embeddable":true,"href":"https:\/\/www.robolit.com\/index.php\/wp-json\/wp\/v2\/users\/1"}],"replies":[{"embeddable":true,"href":"https:\/\/www.robolit.com\/index.php\/wp-json\/wp\/v2\/comments?post=541"}],"version-history":[{"count":7,"href":"https:\/\/www.robolit.com\/index.php\/wp-json\/wp\/v2\/pages\/541\/revisions"}],"predecessor-version":[{"id":604,"href":"https:\/\/www.robolit.com\/index.php\/wp-json\/wp\/v2\/pages\/541\/revisions\/604"}],"up":[{"embeddable":true,"href":"https:\/\/www.robolit.com\/index.php\/wp-json\/wp\/v2\/pages\/1687"}],"wp:featuredmedia":[{"embeddable":true,"href":"https:\/\/www.robolit.com\/index.php\/wp-json\/wp\/v2\/media\/606"}],"wp:attachment":[{"href":"https:\/\/www.robolit.com\/index.php\/wp-json\/wp\/v2\/media?parent=541"}],"curies":[{"name":"wp","href":"https:\/\/api.w.org\/{rel}","templated":true}]}}