{"id":171,"date":"2017-01-25T14:11:05","date_gmt":"2017-01-25T14:11:05","guid":{"rendered":"https:\/\/www.robolit.com\/?page_id=171"},"modified":"2017-01-28T08:10:26","modified_gmt":"2017-01-28T08:10:26","slug":"takim","status":"publish","type":"page","link":"https:\/\/www.robolit.com\/index.php\/tr\/hakkimizda\/takim\/","title":{"rendered":"Tak\u0131m"},"content":{"rendered":"<h2>Temel Ekip<\/h2>\n<div id=\"attachment_316\" style=\"width: 266px\" class=\"wp-caption aligncenter\"><a href=\"https:\/\/www.robolit.com\/index.php\/tr\/takim\/haldun-komsuoglu\/\"><img aria-describedby=\"caption-attachment-316\" loading=\"lazy\" class=\"wp-image-316 size-full\" src=\"https:\/\/www.robolit.com\/wp-content\/uploads\/2017\/01\/Haldun-Komsuoglu.jpg\" width=\"256\" height=\"256\" srcset=\"https:\/\/www.robolit.com\/wp-content\/uploads\/2017\/01\/Haldun-Komsuoglu.jpg 256w, https:\/\/www.robolit.com\/wp-content\/uploads\/2017\/01\/Haldun-Komsuoglu-150x150.jpg 150w\" sizes=\"(max-width: 256px) 100vw, 256px\" \/><\/a><p id=\"caption-attachment-316\" class=\"wp-caption-text\"><strong>Haldun Komsuoglu<\/strong>, Kurucu\u00a0&amp; CEO<\/p><\/div>\n<hr \/>\n<h2>Yard\u0131mc\u0131 ve Ge\u00e7mi\u015f \u00dcyeler<\/h2>\n<div id=\"attachment_317\" style=\"width: 266px\" class=\"wp-caption aligncenter\"><a href=\"https:\/\/www.robolit.com\/index.php\/en\/team\/raymond-sheh\/\"><img aria-describedby=\"caption-attachment-317\" loading=\"lazy\" class=\"wp-image-317 size-full\" src=\"https:\/\/www.robolit.com\/wp-content\/uploads\/2017\/01\/Raymond-Sheh.png\" width=\"256\" height=\"256\" srcset=\"https:\/\/www.robolit.com\/wp-content\/uploads\/2017\/01\/Raymond-Sheh.png 256w, https:\/\/www.robolit.com\/wp-content\/uploads\/2017\/01\/Raymond-Sheh-150x150.png 150w\" sizes=\"(max-width: 256px) 100vw, 256px\" \/><\/a><p id=\"caption-attachment-317\" class=\"wp-caption-text\"><strong>Raymond Sheh<\/strong>,\u00a0Ara\u015ft\u0131rma G\u00f6revlisi<\/p><\/div>\n","protected":false},"excerpt":{"rendered":"<p>Temel Ekip Yard\u0131mc\u0131 ve Ge\u00e7mi\u015f \u00dcyeler<\/p>\n","protected":false},"author":1,"featured_media":0,"parent":105,"menu_order":0,"comment_status":"closed","ping_status":"closed","template":"fullwidth.php","meta":{"_mi_skip_tracking":false},"_links":{"self":[{"href":"https:\/\/www.robolit.com\/index.php\/wp-json\/wp\/v2\/pages\/171"}],"collection":[{"href":"https:\/\/www.robolit.com\/index.php\/wp-json\/wp\/v2\/pages"}],"about":[{"href":"https:\/\/www.robolit.com\/index.php\/wp-json\/wp\/v2\/types\/page"}],"author":[{"embeddable":true,"href":"https:\/\/www.robolit.com\/index.php\/wp-json\/wp\/v2\/users\/1"}],"replies":[{"embeddable":true,"href":"https:\/\/www.robolit.com\/index.php\/wp-json\/wp\/v2\/comments?post=171"}],"version-history":[{"count":9,"href":"https:\/\/www.robolit.com\/index.php\/wp-json\/wp\/v2\/pages\/171\/revisions"}],"predecessor-version":[{"id":327,"href":"https:\/\/www.robolit.com\/index.php\/wp-json\/wp\/v2\/pages\/171\/revisions\/327"}],"up":[{"embeddable":true,"href":"https:\/\/www.robolit.com\/index.php\/wp-json\/wp\/v2\/pages\/105"}],"wp:attachment":[{"href":"https:\/\/www.robolit.com\/index.php\/wp-json\/wp\/v2\/media?parent=171"}],"curies":[{"name":"wp","href":"https:\/\/api.w.org\/{rel}","templated":true}]}}